[INFO] cloning repository https://github.com/ritchie46/mandelbrot-explorer
[INFO] running `Command { std: "git" "-c" "credential.helper=" "-c" "credential.helper=/workspace/cargo-home/bin/git-credential-null" "clone" "--bare" "https://github.com/ritchie46/mandelbrot-explorer" "/workspace/cache/git-repos/https%3A%2F%2Fgithub.com%2Fritchie46%2Fmandelbrot-explorer", kill_on_drop: false }`
[INFO] [stderr] Cloning into bare repository '/workspace/cache/git-repos/https%3A%2F%2Fgithub.com%2Fritchie46%2Fmandelbrot-explorer'...
[INFO] running `Command { std: "git" "rev-parse" "HEAD", kill_on_drop: false }`
[INFO] [stdout] c0695f09b4e5c947eefe5d55a9490e0d57187736
[INFO] checking ritchie46/mandelbrot-explorer against master#af3c6e733a40e671550e0f0f5aeecaa13772ba56 for pr-74989
[INFO] running `Command { std: "git" "clone" "/workspace/cache/git-repos/https%3A%2F%2Fgithub.com%2Fritchie46%2Fmandelbrot-explorer" "/workspace/builds/worker-12/source", kill_on_drop: false }`
[INFO] [stderr] Cloning into '/workspace/builds/worker-12/source'...
[INFO] [stderr] done.
[INFO] validating manifest of git repo https://github.com/ritchie46/mandelbrot-explorer on toolchain af3c6e733a40e671550e0f0f5aeecaa13772ba56
[INFO] running `Command { std: "/workspace/cargo-home/bin/cargo" "+af3c6e733a40e671550e0f0f5aeecaa13772ba56" "read-manifest" "--manifest-path" "Cargo.toml", kill_on_drop: false }`
[INFO] started tweaking git repo https://github.com/ritchie46/mandelbrot-explorer
[INFO] finished tweaking git repo https://github.com/ritchie46/mandelbrot-explorer
[INFO] tweaked toml for git repo https://github.com/ritchie46/mandelbrot-explorer written to /workspace/builds/worker-12/source/Cargo.toml
[INFO] crate git repo https://github.com/ritchie46/mandelbrot-explorer already has a lockfile, it will not be regenerated
[INFO] running `Command { std: "/workspace/cargo-home/bin/cargo" "+af3c6e733a40e671550e0f0f5aeecaa13772ba56" "fetch" "--locked" "--manifest-path" "Cargo.toml", kill_on_drop: false }`
[INFO] [stderr]     Blocking waiting for file lock on package cache
[INFO] running `Command { std: "docker" "create" "-v" "/var/lib/crater-agent-workspace/builds/worker-12/target:/opt/rustwide/target:rw,Z" "-v" "/var/lib/crater-agent-workspace/builds/worker-12/source:/opt/rustwide/workdir:ro,Z" "-v" "/var/lib/crater-agent-workspace/cargo-home:/opt/rustwide/cargo-home:ro,Z" "-v" "/var/lib/crater-agent-workspace/rustup-home:/opt/rustwide/rustup-home:ro,Z" "-e" "SOURCE_DIR=/opt/rustwide/workdir" "-e" "CARGO_TARGET_DIR=/opt/rustwide/target" "-e" "CARGO_HOME=/opt/rustwide/cargo-home" "-e" "RUSTUP_HOME=/opt/rustwide/rustup-home" "-w" "/opt/rustwide/workdir" "-m" "1610612736" "--user" "0:0" "--network" "none" "rustops/crates-build-env@sha256:d92eaeed33fa75130ca1ee6c8a01d1ffb62bac859dfdfb3450e3e5d1c0146529" "/opt/rustwide/cargo-home/bin/cargo" "+af3c6e733a40e671550e0f0f5aeecaa13772ba56" "metadata" "--no-deps" "--format-version=1", kill_on_drop: false }`
[INFO] [stdout] e94567bfc0caded01f0010d3e746ee965b5df6cd96c44077390f3d873051da01
[INFO] [stderr] WARNING: Your kernel does not support swap limit capabilities or the cgroup is not mounted. Memory limited without swap.
[INFO] running `Command { std: "docker" "start" "-a" "e94567bfc0caded01f0010d3e746ee965b5df6cd96c44077390f3d873051da01", kill_on_drop: false }`
[INFO] running `Command { std: "docker" "inspect" "e94567bfc0caded01f0010d3e746ee965b5df6cd96c44077390f3d873051da01", kill_on_drop: false }`
[INFO] running `Command { std: "docker" "rm" "-f" "e94567bfc0caded01f0010d3e746ee965b5df6cd96c44077390f3d873051da01", kill_on_drop: false }`
[INFO] [stdout] e94567bfc0caded01f0010d3e746ee965b5df6cd96c44077390f3d873051da01
[INFO] running `Command { std: "docker" "create" "-v" "/var/lib/crater-agent-workspace/builds/worker-12/target:/opt/rustwide/target:rw,Z" "-v" "/var/lib/crater-agent-workspace/builds/worker-12/source:/opt/rustwide/workdir:ro,Z" "-v" "/var/lib/crater-agent-workspace/cargo-home:/opt/rustwide/cargo-home:ro,Z" "-v" "/var/lib/crater-agent-workspace/rustup-home:/opt/rustwide/rustup-home:ro,Z" "-e" "SOURCE_DIR=/opt/rustwide/workdir" "-e" "CARGO_TARGET_DIR=/opt/rustwide/target" "-e" "CARGO_INCREMENTAL=0" "-e" "RUST_BACKTRACE=full" "-e" "RUSTFLAGS=--cap-lints=forbid" "-e" "CARGO_HOME=/opt/rustwide/cargo-home" "-e" "RUSTUP_HOME=/opt/rustwide/rustup-home" "-w" "/opt/rustwide/workdir" "-m" "1610612736" "--user" "0:0" "--network" "none" "rustops/crates-build-env@sha256:d92eaeed33fa75130ca1ee6c8a01d1ffb62bac859dfdfb3450e3e5d1c0146529" "/opt/rustwide/cargo-home/bin/cargo" "+af3c6e733a40e671550e0f0f5aeecaa13772ba56" "check" "--frozen" "--all" "--all-targets" "--message-format=json", kill_on_drop: false }`
[INFO] [stderr] WARNING: Your kernel does not support swap limit capabilities or the cgroup is not mounted. Memory limited without swap.
[INFO] [stdout] 62f05235bd6771353351c469c004062787c5547fb264da973fe3bc476860b8cc
[INFO] running `Command { std: "docker" "start" "-a" "62f05235bd6771353351c469c004062787c5547fb264da973fe3bc476860b8cc", kill_on_drop: false }`
[INFO] [stderr]     Checking cfg-if v0.1.10
[INFO] [stderr]     Checking lazy_static v1.4.0
[INFO] [stderr]    Compiling bumpalo v3.2.0
[INFO] [stderr]     Checking adler32 v1.0.4
[INFO] [stderr]    Compiling rayon-core v1.7.0
[INFO] [stderr]    Compiling crc32fast v1.2.0
[INFO] [stderr]    Compiling bitflags v1.2.1
[INFO] [stderr]     Checking either v1.5.3
[INFO] [stderr]    Compiling wee_alloc v0.4.5
[INFO] [stderr]     Checking bytemuck v1.2.0
[INFO] [stderr]     Checking scoped-tls v1.0.0
[INFO] [stderr]    Compiling crossbeam-epoch v0.8.2
[INFO] [stderr]    Compiling num-integer v0.1.42
[INFO] [stderr]    Compiling num-bigint v0.2.6
[INFO] [stderr]    Compiling num-rational v0.2.3
[INFO] [stderr]    Compiling num-iter v0.1.40
[INFO] [stderr]    Compiling num-complex v0.2.4
[INFO] [stderr]     Checking gif v0.10.3
[INFO] [stderr]    Compiling log v0.4.8
[INFO] [stderr]    Compiling proc-macro2 v1.0.9
[INFO] [stderr]     Checking crossbeam-utils v0.7.2
[INFO] [stderr]     Checking miniz_oxide v0.3.6
[INFO] [stderr]     Checking inflate v0.4.5
[INFO] [stderr]     Checking num_cpus v1.12.0
[INFO] [stderr]    Compiling memoffset v0.5.3
[INFO] [stderr]     Checking deflate v0.7.20
[INFO] [stderr]     Checking crossbeam-queue v0.2.1
[INFO] [stderr]     Checking crossbeam-channel v0.4.2
[INFO] [stderr]    Compiling quote v1.0.2
[INFO] [stderr]     Checking tiff v0.4.0
[INFO] [stderr]     Checking png v0.15.3
[INFO] [stderr]    Compiling syn v1.0.16
[INFO] [stderr]    Compiling wasm-bindgen-test-macro v0.3.8
[INFO] [stderr]     Checking crossbeam-deque v0.7.3
[INFO] [stderr]     Checking crossbeam v0.7.3
[INFO] [stderr]     Checking rayon v1.3.0
[INFO] [stderr]     Checking num v0.2.1
[INFO] [stderr]     Checking jpeg-decoder v0.1.18
[INFO] [stderr]    Compiling wasm-bindgen-backend v0.2.58
[INFO] [stderr]     Checking image v0.23.0
[INFO] [stderr]    Compiling wasm-bindgen-macro-support v0.2.58
[INFO] [stderr]    Compiling wasm-bindgen-macro v0.2.58
[INFO] [stderr]     Checking wasm-bindgen v0.2.58
[INFO] [stderr]     Checking console_error_panic_hook v0.1.6
[INFO] [stderr]     Checking js-sys v0.3.35
[INFO] [stderr]     Checking mandelbrot v0.1.0 (/opt/rustwide/workdir)
[INFO] [stdout] warning: unused import: `std::time`
[INFO] [stdout]   --> src/mandelbrot.rs:11:5
[INFO] [stdout]    |
[INFO] [stdout] 11 | use std::time;
[INFO] [stdout]    |     ^^^^^^^^^
[INFO] [stdout]    |
[INFO] [stdout]    = note: `#[warn(unused_imports)]` on by default
[INFO] [stdout] 
[INFO] [stdout] 
[INFO] [stdout] warning: function is never used: `main`
[INFO] [stdout]    --> src/mandelbrot.rs:113:4
[INFO] [stdout]     |
[INFO] [stdout] 113 | fn main(args: &[&str]) {
[INFO] [stdout]     |    ^^^^
[INFO] [stdout]     |
[INFO] [stdout]     = note: `#[warn(dead_code)]` on by default
[INFO] [stdout] 
[INFO] [stdout] 
[INFO] [stdout] warning: unused `std::result::Result` that must be used
[INFO] [stdout]   --> src/mandelbrot.rs:84:5
[INFO] [stdout]    |
[INFO] [stdout] 84 |     encoder.encode(&pixels, bounds.0 as u32, bounds.1 as u32, ColorType::L8);
[INFO] [stdout]    |     ^^^^^^^^^^^^^^^^^^^^^^^^^^^^^^^^^^^^^^^^^^^^^^^^^^^^^^^^^^^^^^^^^^^^^^^^^
[INFO] [stdout]    |
[INFO] [stdout]    = note: `#[warn(unused_must_use)]` on by default
[INFO] [stdout]    = note: this `Result` may be an `Err` variant, which should be handled
[INFO] [stdout] 
[INFO] [stdout] 
[INFO] [stdout] warning: 3 warnings emitted
[INFO] [stdout] 
[INFO] [stdout] 
[INFO] [stdout] error: return value of constructor must be a bare path
[INFO] [stdout]     --> /opt/rustwide/cargo-home/registry/src/github.com-1ecc6299db9ec823/js-sys-0.3.35/src/lib.rs:4753:13
[INFO] [stdout]      |
[INFO] [stdout] 4753 | /             /// The
[INFO] [stdout] 4754 | |             #[doc = $ctor]
[INFO] [stdout] 4755 | |             /// constructor creates an array of unsigned 8-bit integers.
[INFO] [stdout] 4756 | |             ///
[INFO] [stdout] ...    |
[INFO] [stdout] 4760 | |             #[wasm_bindgen(constructor)]
[INFO] [stdout] 4761 | |             pub fn new(constructor_arg: &JsValue) -> $name;
[INFO] [stdout]      | |___________________________________________________________^
[INFO] [stdout] ...
[INFO] [stdout] 4948 | / arrays! {
[INFO] [stdout] 4949 | |     /// `Int8Array()`
[INFO] [stdout] 4950 | |     /// https://developer.mozilla.org/en-US/docs/Web/JavaScript/Reference/Global_Objects/Int8Array
[INFO] [stdout] 4951 | |     Int8Array: i8,
[INFO] [stdout] ...    |
[INFO] [stdout] 4983 | |     Float64Array: f64,
[INFO] [stdout] 4984 | | }
[INFO] [stdout]      | |_- in this macro invocation
[INFO] [stdout]      |
[INFO] [stdout]      = note: this error originates in a macro (in Nightly builds, run with -Z macro-backtrace for more info)
[INFO] [stdout] 
[INFO] [stdout] 
[INFO] [stdout] error: return value of constructor must be a bare path
[INFO] [stdout]     --> /opt/rustwide/cargo-home/registry/src/github.com-1ecc6299db9ec823/js-sys-0.3.35/src/lib.rs:4763:13
[INFO] [stdout]      |
[INFO] [stdout] 4763 | /             /// An
[INFO] [stdout] 4764 | |             #[doc = $ctor]
[INFO] [stdout] 4765 | |             /// which creates an array with an internal buffer large
[INFO] [stdout] 4766 | |             /// enough for `length` elements.
[INFO] [stdout] ...    |
[INFO] [stdout] 4771 | |             #[wasm_bindgen(constructor)]
[INFO] [stdout] 4772 | |             pub fn new_with_length(length: u32) -> $name;
[INFO] [stdout]      | |_________________________________________________________^
[INFO] [stdout] ...
[INFO] [stdout] 4948 | / arrays! {
[INFO] [stdout] 4949 | |     /// `Int8Array()`
[INFO] [stdout] 4950 | |     /// https://developer.mozilla.org/en-US/docs/Web/JavaScript/Reference/Global_Objects/Int8Array
[INFO] [stdout] 4951 | |     Int8Array: i8,
[INFO] [stdout] ...    |
[INFO] [stdout] 4983 | |     Float64Array: f64,
[INFO] [stdout] 4984 | | }
[INFO] [stdout]      | |_- in this macro invocation
[INFO] [stdout]      |
[INFO] [stdout]      = note: this error originates in a macro (in Nightly builds, run with -Z macro-backtrace for more info)
[INFO] [stdout] 
[INFO] [stdout] 
[INFO] [stdout] error: return value of constructor must be a bare path
[INFO] [stdout]     --> /opt/rustwide/cargo-home/registry/src/github.com-1ecc6299db9ec823/js-sys-0.3.35/src/lib.rs:4774:13
[INFO] [stdout]      |
[INFO] [stdout] 4774 | /             /// An
[INFO] [stdout] 4775 | |             #[doc = $ctor]
[INFO] [stdout] 4776 | |             /// which creates an array with the given buffer but is a
[INFO] [stdout] 4777 | |             /// view starting at `byte_offset`.
[INFO] [stdout] ...    |
[INFO] [stdout] 4782 | |             #[wasm_bindgen(constructor)]
[INFO] [stdout] 4783 | |             pub fn new_with_byte_offset(buffer: &JsValue, byte_offset: u32) -> $name;
[INFO] [stdout]      | |_____________________________________________________________________________________^
[INFO] [stdout] ...
[INFO] [stdout] 4948 | / arrays! {
[INFO] [stdout] 4949 | |     /// `Int8Array()`
[INFO] [stdout] 4950 | |     /// https://developer.mozilla.org/en-US/docs/Web/JavaScript/Reference/Global_Objects/Int8Array
[INFO] [stdout] 4951 | |     Int8Array: i8,
[INFO] [stdout] ...    |
[INFO] [stdout] 4983 | |     Float64Array: f64,
[INFO] [stdout] 4984 | | }
[INFO] [stdout]      | |_- in this macro invocation
[INFO] [stdout]      |
[INFO] [stdout]      = note: this error originates in a macro (in Nightly builds, run with -Z macro-backtrace for more info)
[INFO] [stdout] 
[INFO] [stdout] 
[INFO] [stdout] error: return value of constructor must be a bare path
[INFO] [stdout]     --> /opt/rustwide/cargo-home/registry/src/github.com-1ecc6299db9ec823/js-sys-0.3.35/src/lib.rs:4785:13
[INFO] [stdout]      |
[INFO] [stdout] 4785 | /             /// An
[INFO] [stdout] 4786 | |             #[doc = $ctor]
[INFO] [stdout] 4787 | |             /// which creates an array with the given buffer but is a
[INFO] [stdout] 4788 | |             /// view starting at `byte_offset` for `length` elements.
[INFO] [stdout] ...    |
[INFO] [stdout] 4797 | |                 length: u32,
[INFO] [stdout] 4798 | |             ) -> $name;
[INFO] [stdout]      | |_______________________^
[INFO] [stdout] ...
[INFO] [stdout] 4948 | / arrays! {
[INFO] [stdout] 4949 | |     /// `Int8Array()`
[INFO] [stdout] 4950 | |     /// https://developer.mozilla.org/en-US/docs/Web/JavaScript/Reference/Global_Objects/Int8Array
[INFO] [stdout] 4951 | |     Int8Array: i8,
[INFO] [stdout] ...    |
[INFO] [stdout] 4983 | |     Float64Array: f64,
[INFO] [stdout] 4984 | | }
[INFO] [stdout]      | |_- in this macro invocation
[INFO] [stdout]      |
[INFO] [stdout]      = note: this error originates in a macro (in Nightly builds, run with -Z macro-backtrace for more info)
[INFO] [stdout] 
[INFO] [stdout] 
[INFO] [stdout] error: first argument of method must be a path
[INFO] [stdout]     --> /opt/rustwide/cargo-home/registry/src/github.com-1ecc6299db9ec823/js-sys-0.3.35/src/lib.rs:4805:32
[INFO] [stdout]      |
[INFO] [stdout] 4805 |               pub fn fill(this: &$name, value: $ty, start: u32, end: u32) -> $name;
[INFO] [stdout]      |                                  ^^^^^
[INFO] [stdout] ...
[INFO] [stdout] 4948 | / arrays! {
[INFO] [stdout] 4949 | |     /// `Int8Array()`
[INFO] [stdout] 4950 | |     /// https://developer.mozilla.org/en-US/docs/Web/JavaScript/Reference/Global_Objects/Int8Array
[INFO] [stdout] 4951 | |     Int8Array: i8,
[INFO] [stdout] ...    |
[INFO] [stdout] 4983 | |     Float64Array: f64,
[INFO] [stdout] 4984 | | }
[INFO] [stdout]      | |_- in this macro invocation
[INFO] [stdout]      |
[INFO] [stdout]      = note: this error originates in a macro (in Nightly builds, run with -Z macro-backtrace for more info)
[INFO] [stdout] 
[INFO] [stdout] 
[INFO] [stdout] error: first argument of method must be a path
[INFO] [stdout]     --> /opt/rustwide/cargo-home/registry/src/github.com-1ecc6299db9ec823/js-sys-0.3.35/src/lib.rs:4810:34
[INFO] [stdout]      |
[INFO] [stdout] 4810 |               pub fn buffer(this: &$name) -> ArrayBuffer;
[INFO] [stdout]      |                                    ^^^^^
[INFO] [stdout] ...
[INFO] [stdout] 4948 | / arrays! {
[INFO] [stdout] 4949 | |     /// `Int8Array()`
[INFO] [stdout] 4950 | |     /// https://developer.mozilla.org/en-US/docs/Web/JavaScript/Reference/Global_Objects/Int8Array
[INFO] [stdout] 4951 | |     Int8Array: i8,
[INFO] [stdout] ...    |
[INFO] [stdout] 4983 | |     Float64Array: f64,
[INFO] [stdout] 4984 | | }
[INFO] [stdout]      | |_- in this macro invocation
[INFO] [stdout]      |
[INFO] [stdout]      = note: this error originates in a macro (in Nightly builds, run with -Z macro-backtrace for more info)
[INFO] [stdout] 
[INFO] [stdout] 
[INFO] [stdout] error: first argument of method must be a path
[INFO] [stdout]     --> /opt/rustwide/cargo-home/registry/src/github.com-1ecc6299db9ec823/js-sys-0.3.35/src/lib.rs:4815:36
[INFO] [stdout]      |
[INFO] [stdout] 4815 |               pub fn subarray(this: &$name, begin: u32, end: u32) -> $name;
[INFO] [stdout]      |                                      ^^^^^
[INFO] [stdout] ...
[INFO] [stdout] 4948 | / arrays! {
[INFO] [stdout] 4949 | |     /// `Int8Array()`
[INFO] [stdout] 4950 | |     /// https://developer.mozilla.org/en-US/docs/Web/JavaScript/Reference/Global_Objects/Int8Array
[INFO] [stdout] 4951 | |     Int8Array: i8,
[INFO] [stdout] ...    |
[INFO] [stdout] 4983 | |     Float64Array: f64,
[INFO] [stdout] 4984 | | }
[INFO] [stdout]      | |_- in this macro invocation
[INFO] [stdout]      |
[INFO] [stdout]      = note: this error originates in a macro (in Nightly builds, run with -Z macro-backtrace for more info)
[INFO] [stdout] 
[INFO] [stdout] 
[INFO] [stdout] error: first argument of method must be a path
[INFO] [stdout]     --> /opt/rustwide/cargo-home/registry/src/github.com-1ecc6299db9ec823/js-sys-0.3.35/src/lib.rs:4821:33
[INFO] [stdout]      |
[INFO] [stdout] 4821 |               pub fn slice(this: &$name, begin: u32, end: u32) -> $name;
[INFO] [stdout]      |                                   ^^^^^
[INFO] [stdout] ...
[INFO] [stdout] 4948 | / arrays! {
[INFO] [stdout] 4949 | |     /// `Int8Array()`
[INFO] [stdout] 4950 | |     /// https://developer.mozilla.org/en-US/docs/Web/JavaScript/Reference/Global_Objects/Int8Array
[INFO] [stdout] 4951 | |     Int8Array: i8,
[INFO] [stdout] ...    |
[INFO] [stdout] 4983 | |     Float64Array: f64,
[INFO] [stdout] 4984 | | }
[INFO] [stdout]      | |_- in this macro invocation
[INFO] [stdout]      |
[INFO] [stdout]      = note: this error originates in a macro (in Nightly builds, run with -Z macro-backtrace for more info)
[INFO] [stdout] 
[INFO] [stdout] 
[INFO] [stdout] error: first argument of method must be a path
[INFO] [stdout]     --> /opt/rustwide/cargo-home/registry/src/github.com-1ecc6299db9ec823/js-sys-0.3.35/src/lib.rs:4828:36
[INFO] [stdout]      |
[INFO] [stdout] 4828 |               pub fn for_each(this: &$name, callback: &mut dyn FnMut($ty, u32, $name));
[INFO] [stdout]      |                                      ^^^^^
[INFO] [stdout] ...
[INFO] [stdout] 4948 | / arrays! {
[INFO] [stdout] 4949 | |     /// `Int8Array()`
[INFO] [stdout] 4950 | |     /// https://developer.mozilla.org/en-US/docs/Web/JavaScript/Reference/Global_Objects/Int8Array
[INFO] [stdout] 4951 | |     Int8Array: i8,
[INFO] [stdout] ...    |
[INFO] [stdout] 4983 | |     Float64Array: f64,
[INFO] [stdout] 4984 | | }
[INFO] [stdout]      | |_- in this macro invocation
[INFO] [stdout]      |
[INFO] [stdout]      = note: this error originates in a macro (in Nightly builds, run with -Z macro-backtrace for more info)
[INFO] [stdout] 
[INFO] [stdout] 
[INFO] [stdout] error: first argument of method must be a path
[INFO] [stdout]     --> /opt/rustwide/cargo-home/registry/src/github.com-1ecc6299db9ec823/js-sys-0.3.35/src/lib.rs:4833:34
[INFO] [stdout]      |
[INFO] [stdout] 4833 |               pub fn length(this: &$name) -> u32;
[INFO] [stdout]      |                                    ^^^^^
[INFO] [stdout] ...
[INFO] [stdout] 4948 | / arrays! {
[INFO] [stdout] 4949 | |     /// `Int8Array()`
[INFO] [stdout] 4950 | |     /// https://developer.mozilla.org/en-US/docs/Web/JavaScript/Reference/Global_Objects/Int8Array
[INFO] [stdout] 4951 | |     Int8Array: i8,
[INFO] [stdout] ...    |
[INFO] [stdout] 4983 | |     Float64Array: f64,
[INFO] [stdout] 4984 | | }
[INFO] [stdout]      | |_- in this macro invocation
[INFO] [stdout]      |
[INFO] [stdout]      = note: this error originates in a macro (in Nightly builds, run with -Z macro-backtrace for more info)
[INFO] [stdout] 
[INFO] [stdout] 
[INFO] [stdout] error: first argument of method must be a path
[INFO] [stdout]     --> /opt/rustwide/cargo-home/registry/src/github.com-1ecc6299db9ec823/js-sys-0.3.35/src/lib.rs:4838:39
[INFO] [stdout]      |
[INFO] [stdout] 4838 |               pub fn byte_length(this: &$name) -> u32;
[INFO] [stdout]      |                                         ^^^^^
[INFO] [stdout] ...
[INFO] [stdout] 4948 | / arrays! {
[INFO] [stdout] 4949 | |     /// `Int8Array()`
[INFO] [stdout] 4950 | |     /// https://developer.mozilla.org/en-US/docs/Web/JavaScript/Reference/Global_Objects/Int8Array
[INFO] [stdout] 4951 | |     Int8Array: i8,
[INFO] [stdout] ...    |
[INFO] [stdout] 4983 | |     Float64Array: f64,
[INFO] [stdout] 4984 | | }
[INFO] [stdout]      | |_- in this macro invocation
[INFO] [stdout]      |
[INFO] [stdout]      = note: this error originates in a macro (in Nightly builds, run with -Z macro-backtrace for more info)
[INFO] [stdout] 
[INFO] [stdout] 
[INFO] [stdout] error: first argument of method must be a path
[INFO] [stdout]     --> /opt/rustwide/cargo-home/registry/src/github.com-1ecc6299db9ec823/js-sys-0.3.35/src/lib.rs:4843:39
[INFO] [stdout]      |
[INFO] [stdout] 4843 |               pub fn byte_offset(this: &$name) -> u32;
[INFO] [stdout]      |                                         ^^^^^
[INFO] [stdout] ...
[INFO] [stdout] 4948 | / arrays! {
[INFO] [stdout] 4949 | |     /// `Int8Array()`
[INFO] [stdout] 4950 | |     /// https://developer.mozilla.org/en-US/docs/Web/JavaScript/Reference/Global_Objects/Int8Array
[INFO] [stdout] 4951 | |     Int8Array: i8,
[INFO] [stdout] ...    |
[INFO] [stdout] 4983 | |     Float64Array: f64,
[INFO] [stdout] 4984 | | }
[INFO] [stdout]      | |_- in this macro invocation
[INFO] [stdout]      |
[INFO] [stdout]      = note: this error originates in a macro (in Nightly builds, run with -Z macro-backtrace for more info)
[INFO] [stdout] 
[INFO] [stdout] 
[INFO] [stdout] error: first argument of method must be a path
[INFO] [stdout]     --> /opt/rustwide/cargo-home/registry/src/github.com-1ecc6299db9ec823/js-sys-0.3.35/src/lib.rs:4848:31
[INFO] [stdout]      |
[INFO] [stdout] 4848 |               pub fn set(this: &$name, src: &JsValue, offset: u32);
[INFO] [stdout]      |                                 ^^^^^
[INFO] [stdout] ...
[INFO] [stdout] 4948 | / arrays! {
[INFO] [stdout] 4949 | |     /// `Int8Array()`
[INFO] [stdout] 4950 | |     /// https://developer.mozilla.org/en-US/docs/Web/JavaScript/Reference/Global_Objects/Int8Array
[INFO] [stdout] 4951 | |     Int8Array: i8,
[INFO] [stdout] ...    |
[INFO] [stdout] 4983 | |     Float64Array: f64,
[INFO] [stdout] 4984 | | }
[INFO] [stdout]      | |_- in this macro invocation
[INFO] [stdout]      |
[INFO] [stdout]      = note: this error originates in a macro (in Nightly builds, run with -Z macro-backtrace for more info)
[INFO] [stdout] 
[INFO] [stdout] 
[INFO] [stdout] error[E0433]: failed to resolve: use of undeclared type or module `Int8Array`
[INFO] [stdout]     --> /opt/rustwide/cargo-home/registry/src/github.com-1ecc6299db9ec823/js-sys-0.3.35/src/lib.rs:4951:5
[INFO] [stdout]      |
[INFO] [stdout] 4951 |     Int8Array: i8,
[INFO] [stdout]      |     ^^^^^^^^^ use of undeclared type or module `Int8Array`
[INFO] [stdout] 
[INFO] [stdout] 
[INFO] [stdout] error[E0433]: failed to resolve: use of undeclared type or module `Int16Array`
[INFO] [stdout]     --> /opt/rustwide/cargo-home/registry/src/github.com-1ecc6299db9ec823/js-sys-0.3.35/src/lib.rs:4955:5
[INFO] [stdout]      |
[INFO] [stdout] 4955 |     Int16Array: i16,
[INFO] [stdout]      |     ^^^^^^^^^^ use of undeclared type or module `Int16Array`
[INFO] [stdout] 
[INFO] [stdout] 
[INFO] [stdout] error[E0433]: failed to resolve: use of undeclared type or module `Int32Array`
[INFO] [stdout]     --> /opt/rustwide/cargo-home/registry/src/github.com-1ecc6299db9ec823/js-sys-0.3.35/src/lib.rs:4959:5
[INFO] [stdout]      |
[INFO] [stdout] 4959 |     Int32Array: i32,
[INFO] [stdout]      |     ^^^^^^^^^^ use of undeclared type or module `Int32Array`
[INFO] [stdout] 
[INFO] [stdout] 
[INFO] [stdout] error[E0433]: failed to resolve: use of undeclared type or module `Uint8Array`
[INFO] [stdout]     --> /opt/rustwide/cargo-home/registry/src/github.com-1ecc6299db9ec823/js-sys-0.3.35/src/lib.rs:4963:5
[INFO] [stdout]      |
[INFO] [stdout] 4963 |     Uint8Array: u8,
[INFO] [stdout]      |     ^^^^^^^^^^ use of undeclared type or module `Uint8Array`
[INFO] [stdout] 
[INFO] [stdout] 
[INFO] [stdout] error[E0433]: failed to resolve: use of undeclared type or module `Uint8ClampedArray`
[INFO] [stdout]     --> /opt/rustwide/cargo-home/registry/src/github.com-1ecc6299db9ec823/js-sys-0.3.35/src/lib.rs:4967:5
[INFO] [stdout]      |
[INFO] [stdout] 4967 |     Uint8ClampedArray: u8,
[INFO] [stdout]      |     ^^^^^^^^^^^^^^^^^ use of undeclared type or module `Uint8ClampedArray`
[INFO] [stdout] 
[INFO] [stdout] 
[INFO] [stdout] error[E0433]: failed to resolve: use of undeclared type or module `Uint16Array`
[INFO] [stdout]     --> /opt/rustwide/cargo-home/registry/src/github.com-1ecc6299db9ec823/js-sys-0.3.35/src/lib.rs:4971:5
[INFO] [stdout]      |
[INFO] [stdout] 4971 |     Uint16Array: u16,
[INFO] [stdout]      |     ^^^^^^^^^^^ use of undeclared type or module `Uint16Array`
[INFO] [stdout] 
[INFO] [stdout] 
[INFO] [stdout] error[E0433]: failed to resolve: use of undeclared type or module `Uint32Array`
[INFO] [stdout]     --> /opt/rustwide/cargo-home/registry/src/github.com-1ecc6299db9ec823/js-sys-0.3.35/src/lib.rs:4975:5
[INFO] [stdout]      |
[INFO] [stdout] 4975 |     Uint32Array: u32,
[INFO] [stdout]      |     ^^^^^^^^^^^ use of undeclared type or module `Uint32Array`
[INFO] [stdout] 
[INFO] [stdout] 
[INFO] [stdout] error[E0433]: failed to resolve: use of undeclared type or module `Float32Array`
[INFO] [stdout]     --> /opt/rustwide/cargo-home/registry/src/github.com-1ecc6299db9ec823/js-sys-0.3.35/src/lib.rs:4979:5
[INFO] [stdout]      |
[INFO] [stdout] 4979 |     Float32Array: f32,
[INFO] [stdout]      |     ^^^^^^^^^^^^ use of undeclared type or module `Float32Array`
[INFO] [stdout] 
[INFO] [stdout] 
[INFO] [stdout] error[E0433]: failed to resolve: use of undeclared type or module `Float64Array`
[INFO] [stdout]     --> /opt/rustwide/cargo-home/registry/src/github.com-1ecc6299db9ec823/js-sys-0.3.35/src/lib.rs:4983:5
[INFO] [stdout]      |
[INFO] [stdout] 4983 |     Float64Array: f64,
[INFO] [stdout]      |     ^^^^^^^^^^^^ use of undeclared type or module `Float64Array`
[INFO] [stdout] 
[INFO] [stdout] 
[INFO] [stdout] error[E0412]: cannot find type `Int32Array` in this scope
[INFO] [stdout]    --> /opt/rustwide/cargo-home/registry/src/github.com-1ecc6299db9ec823/js-sys-0.3.35/src/lib.rs:699:37
[INFO] [stdout]     |
[INFO] [stdout] 699 |         pub fn notify(typed_array: &Int32Array, index: u32) -> Result<u32, JsValue>;
[INFO] [stdout]     |                                     ^^^^^^^^^^ not found in this scope
[INFO] [stdout] 
[INFO] [stdout] 
[INFO] [stdout] error[E0412]: cannot find type `Int32Array` in this scope
[INFO] [stdout]    --> /opt/rustwide/cargo-home/registry/src/github.com-1ecc6299db9ec823/js-sys-0.3.35/src/lib.rs:704:27
[INFO] [stdout]     |
[INFO] [stdout] 704 |             typed_array: &Int32Array,
[INFO] [stdout]     |                           ^^^^^^^^^^ not found in this scope
[INFO] [stdout] 
[INFO] [stdout] 
[INFO] [stdout] error[E0412]: cannot find type `Int32Array` in this scope
[INFO] [stdout]    --> /opt/rustwide/cargo-home/registry/src/github.com-1ecc6299db9ec823/js-sys-0.3.35/src/lib.rs:743:35
[INFO] [stdout]     |
[INFO] [stdout] 743 |         pub fn wait(typed_array: &Int32Array, index: u32, value: i32) -> Result<JsString, JsValue>;
[INFO] [stdout]     |                                   ^^^^^^^^^^ not found in this scope
[INFO] [stdout] 
[INFO] [stdout] 
[INFO] [stdout] error[E0412]: cannot find type `Int32Array` in this scope
[INFO] [stdout]    --> /opt/rustwide/cargo-home/registry/src/github.com-1ecc6299db9ec823/js-sys-0.3.35/src/lib.rs:750:27
[INFO] [stdout]     |
[INFO] [stdout] 750 |             typed_array: &Int32Array,
[INFO] [stdout]     |                           ^^^^^^^^^^ not found in this scope
[INFO] [stdout] 
[INFO] [stdout] 
[INFO] [stdout] error[E0412]: cannot find type `Int8Array` in this scope
[INFO] [stdout]     --> /opt/rustwide/cargo-home/registry/src/github.com-1ecc6299db9ec823/js-sys-0.3.35/src/lib.rs:4951:5
[INFO] [stdout]      |
[INFO] [stdout] 4951 |     Int8Array: i8,
[INFO] [stdout]      |     ^^^^^^^^^ not found in this scope
[INFO] [stdout] 
[INFO] [stdout] 
[INFO] [stdout] error[E0412]: cannot find type `Int16Array` in this scope
[INFO] [stdout]     --> /opt/rustwide/cargo-home/registry/src/github.com-1ecc6299db9ec823/js-sys-0.3.35/src/lib.rs:4955:5
[INFO] [stdout]      |
[INFO] [stdout] 4955 |     Int16Array: i16,
[INFO] [stdout]      |     ^^^^^^^^^^ not found in this scope
[INFO] [stdout] 
[INFO] [stdout] 
[INFO] [stdout] error[E0412]: cannot find type `Int32Array` in this scope
[INFO] [stdout]     --> /opt/rustwide/cargo-home/registry/src/github.com-1ecc6299db9ec823/js-sys-0.3.35/src/lib.rs:4959:5
[INFO] [stdout]      |
[INFO] [stdout] 4959 |     Int32Array: i32,
[INFO] [stdout]      |     ^^^^^^^^^^ not found in this scope
[INFO] [stdout] 
[INFO] [stdout] 
[INFO] [stdout] error[E0412]: cannot find type `Uint8Array` in this scope
[INFO] [stdout]     --> /opt/rustwide/cargo-home/registry/src/github.com-1ecc6299db9ec823/js-sys-0.3.35/src/lib.rs:4963:5
[INFO] [stdout]      |
[INFO] [stdout] 4963 |     Uint8Array: u8,
[INFO] [stdout]      |     ^^^^^^^^^^ not found in this scope
[INFO] [stdout] 
[INFO] [stdout] 
[INFO] [stdout] error[E0412]: cannot find type `Uint8ClampedArray` in this scope
[INFO] [stdout]     --> /opt/rustwide/cargo-home/registry/src/github.com-1ecc6299db9ec823/js-sys-0.3.35/src/lib.rs:4967:5
[INFO] [stdout]      |
[INFO] [stdout] 4967 |     Uint8ClampedArray: u8,
[INFO] [stdout]      |     ^^^^^^^^^^^^^^^^^ not found in this scope
[INFO] [stdout] 
[INFO] [stdout] 
[INFO] [stdout] error[E0412]: cannot find type `Uint16Array` in this scope
[INFO] [stdout]     --> /opt/rustwide/cargo-home/registry/src/github.com-1ecc6299db9ec823/js-sys-0.3.35/src/lib.rs:4971:5
[INFO] [stdout]      |
[INFO] [stdout] 4971 |     Uint16Array: u16,
[INFO] [stdout]      |     ^^^^^^^^^^^ not found in this scope
[INFO] [stdout] 
[INFO] [stdout] 
[INFO] [stdout] error[E0412]: cannot find type `Uint32Array` in this scope
[INFO] [stdout]     --> /opt/rustwide/cargo-home/registry/src/github.com-1ecc6299db9ec823/js-sys-0.3.35/src/lib.rs:4975:5
[INFO] [stdout]      |
[INFO] [stdout] 4975 |     Uint32Array: u32,
[INFO] [stdout]      |     ^^^^^^^^^^^ not found in this scope
[INFO] [stdout] 
[INFO] [stdout] 
[INFO] [stdout] error[E0412]: cannot find type `Float32Array` in this scope
[INFO] [stdout]     --> /opt/rustwide/cargo-home/registry/src/github.com-1ecc6299db9ec823/js-sys-0.3.35/src/lib.rs:4979:5
[INFO] [stdout]      |
[INFO] [stdout] 4979 |     Float32Array: f32,
[INFO] [stdout]      |     ^^^^^^^^^^^^ not found in this scope
[INFO] [stdout] 
[INFO] [stdout] 
[INFO] [stdout] error[E0412]: cannot find type `Float64Array` in this scope
[INFO] [stdout]     --> /opt/rustwide/cargo-home/registry/src/github.com-1ecc6299db9ec823/js-sys-0.3.35/src/lib.rs:4983:5
[INFO] [stdout]      |
[INFO] [stdout] 4983 |     Float64Array: f64,
[INFO] [stdout]      |     ^^^^^^^^^^^^ not found in this scope
[INFO] [stdout] 
[INFO] [stdout] 
[INFO] [stdout] error: aborting due to 35 previous errors
[INFO] [stdout] 
[INFO] [stdout] 
[INFO] [stdout] Some errors have detailed explanations: E0412, E0433.
[INFO] [stdout] 
[INFO] [stdout] For more information about an error, try `rustc --explain E0412`.
[INFO] [stdout] 
[INFO] [stderr] error: could not compile `js-sys`.
[INFO] [stderr] 
[INFO] [stderr] To learn more, run the command again with --verbose.
[INFO] running `Command { std: "docker" "inspect" "62f05235bd6771353351c469c004062787c5547fb264da973fe3bc476860b8cc", kill_on_drop: false }`
[INFO] running `Command { std: "docker" "rm" "-f" "62f05235bd6771353351c469c004062787c5547fb264da973fe3bc476860b8cc", kill_on_drop: false }`
[INFO] [stdout] 62f05235bd6771353351c469c004062787c5547fb264da973fe3bc476860b8cc
